 be 1/(-6) - 268/(-24). Let g = -9 - -13. Suppose n - 18 = g*y, 4*y - 114 = -3*n - 2*n. Calculate the greatest common factor of n and o.
11
Let k be (-137)/(-7) - (-3)/7. Suppose -k = 6*x - 236. Calculate the greatest common divisor of 90 and x.
18
Let h be ((-8)/(-20) + 2/(-30))*435. What is the highest common factor of h and 5?
5
Suppose 0*y - 5*y - 74 = -2*b, -2*y - 116 = -4*b. Suppose -2*d = -6, 5*r + 95 = d + 107. What is the greatest common factor of b and r?
3
Let u = 88 - 64. Let r be 218/9 + 10/(-45). What is the greatest common divisor of u and r?
24
Let m(v) = v**3 + 10*v**2 + 8*v + 21. Let c be m(-9). What is the greatest common divisor of c and 20?
10
Let y be 2 + 100/(-45) + 296/36. Calculate the highest common factor of 116 and y.
4
Let y be (-8)/28 - 46/(-14). Suppose -11 = y*c + 4*d, 18 = c + d - 4*d. Let a be 444/9 - (-2)/c. Calculate the greatest common divisor of 20 and a.
10
Let n be 228/20 + 4/(-10). Suppose 0 = -p - 3, 5*g - 2*p - 10 - n = 0. Calculate the greatest common factor of 24 and g.
3
Suppose 7*q + 3567 = 18589. Calculate the highest common divisor of 58 and q.
58
Let q be 21/1 - (-2 - -5). Suppose -q - 374 = -8*d. Calculate the highest common divisor of d and 7.
7
Let l be (-1*(-3 - -2))/(6/510). Let v = 95 - l. What is the greatest common divisor of v and 5?
5
Suppose 0 = 3*q - 129 - 0. What is the highest common divisor of q and 172?
43
Suppose -5*u = -128 - 107. Let a = -1169 + 1216. What is the greatest common divisor of a and u?
47
Let v(g) = -g**2 - 17*g + 84. Let c be v(-20). What is the greatest common factor of 168 and c?
24
Let o be (-2912)/(-77) + (-2)/(-11). Calculate the greatest common factor of 4 and o.
2
Suppose -j + 12 = 5*f, 3*f + 0*f - 5*j = -4. Let n be -8*(4 + (-14)/4). Let a be (f/n)/(5/(-30)). What is the greatest common factor of 30 and a?
3
Let j(n) = -15 + 31 - n - 20. Suppose 0*d = 2*d + 16. Let m be j(d). What is the highest common divisor of m and 32?
4
Let n(i) = i**2 + 14*i + 9. Let c be n(-7). Suppose d - 3*z - 63 = 0, 4*d - 2 = -5*z + 216. Let b = c + d. Calculate the highest common divisor of b and 153.
17
Let z(v) = -v + 54. Let t be z(19). Let f(u) = -4*u - 3. Let b be f(-2). Calculate the greatest common divisor of b and t.
5
Let i(m) = 14*m + 17*m**2 + 0 + 18*m**2 - 34*m**2 + 8. Let s be i(-14). Calculate the highest common factor of s and 8.
8
Let b be 288/(-5) - (-4)/(-10). Let p = b + 81. Suppose -3*y = -6*y + 69. Calculate the highest common factor of y and p.
23
Let z be 18/10*((-350)/(-5))/14. Calculate the highest common factor of z and 243.
9
Let a be 11/((-110)/8) - (-4392)/40. Calculate the highest common factor of 1199 and a.
109
Let a = -113 + 98. Let y = a - -48. What is the highest common divisor of y and 55?
11
Suppose -r = 3*z - 43 + 200, 0 = -2*r - z - 299. Let h = -84 - r. What is the greatest common divisor of h and 96?
32
Suppose -136*b + 15745 + 1799 = 0. Calculate the greatest common divisor of b and 1204.
43
Let a = 21 - 11. Suppose -18*l + 22 = -7*l. Suppose 4*h - 5*z = 295, -97 - 28 = -l*h - 5*z. What is the highest common divisor of a and h?
10
Suppose -13 = -c - 3*q, 3*q + 3 = 2*c - 14. Let f be 154/c - -4*(-2)/20. Calculate the highest common factor of 10 and f.
5
Let a be 2030/112 + 1/(-8). What is the greatest common divisor of a and 450?
18
Suppose -5*z + 455 = -5*i, -i - z - 50 = 39. Let p = 107 + i. Calculate the greatest common factor of 153 and p.
17
Let b = -254 - -3092. What is the highest common divisor of b and 66?
66
Let x be (41/6)/((-10)/(-60)) + -4. Suppose -a - 2 = 0, 2*f - 42 - 10 = 4*a. Let v = x - f. What is the greatest common divisor of 75 and v?
15
Suppose 33*h - 6878 = 5596. Calculate the greatest common factor of h and 7.
7
Let j be (-731)/(-7) - (-16)/28. What is the highest common factor of j and 15?
15
Let w = 9 + -6. Suppose w*l + 428 + 67 = 0. Let n be 3/12 + l/(-12). What is the greatest common factor of n and 35?
7
Suppose 5*d = d - c + 2817, -5*d = -2*c - 3518. Calculate the greatest common divisor of 11 and d.
11
Suppose -3*n - n = -288. Let l(r) = -r**2 + 37*r - 52. Let s be l(35). Calculate the highest common factor of s and n.
18
Suppose 7*x - 6*x = 425. Calculate the greatest common factor of x and 595.
85
Let y = -99 - -105. What is the highest common factor of 12 and y?
6
Let x be (-3 + 26/6)/(3/18). What is the greatest common factor of x and 2?
2
Let f be 174/(-45) + 4 + (-3352)/(-60). What is the highest common divisor of 8 and f?
8
Suppose 5*c + 3*s - 48 = 0, -c - s - 7 = -15. Calculate the greatest common factor of 138 and c.
6
Let y = -25 - -22. Let d = y - -8. Suppose -d*m + 21 = -44. Calculate the greatest common divisor of m and 143.
13
Let n(y) = 95*y**3 - 2*y**2 + y. Let o be n(1). Calculate the highest common divisor of o and 47.
47
Suppose 0 = 4*c - 5*x - 694, -3*c + 5*x + 0*x = -518. What is the highest common factor of c and 16?
16
Let v(j) = -16*j + 15. Let f be v(-11). Suppose 5*o - f = 49. What is the highest common factor of o and 16?
16
Let p be (2 - 4)/(8/60). Let b(h) = -22*h + 21. Let q be b(p). Calculate the highest common divisor of 39 and q.
39
Suppose -4*i + 2*q = -29 - 19, i - 2*q - 18 = 0. Let o = i - 5. Suppose -o*p = -33 - 77. Calculate the highest common divisor of p and 33.
11
Let j be 238/18 + 18/(-81). Suppose 2*x - j - 27 = 0. Suppose 5*w + i - 22 = 0, -i + 2 = -w + 10. Calculate the highest common divisor of w and x.
5
Suppose -8 = -4*v - 0. Suppose -3*z - 3 - 3 = -v*m, 2*z + 2*m - 6 = 0. Suppose -5 = -g - z. Calculate the highest common divisor of g and 5.
5
Suppose 0 = 2*i + a - 102, -3*a = i - 53 + 2. Calculate the greatest common divisor of i and 34.
17
Suppose 0 = 4*s + 298 - 110. Let v = s + 27. Let o be 4/v + (-522)/(-10). Calculate the highest common divisor of 13 and o.
13
Let o(l) = -42*l**2 + 6*l - 6. Let u be o(-6). Let k be 1/5 - u/105. What is the highest common divisor of 30 and k?
15
Suppose -2*f = 4*n + 2*f + 12, -2*n - 5*f = 6. Let g(l) = 2*l + 13. Let x be g(n). Calculate the highest common divisor of x and 77.
7
Let u(p) = -36*p**3 + p. Suppose 3*f + 3 = -0. Let g be u(f). Suppose -g = -4*b - b. Calculate the greatest common divisor of b and 35.
7
Let l(s) = 11*s**2 - 10*s + 4. Let d be l(2). Let t = 3 - 2. Suppose -m + 0 = -t, -2*f + m + 447 = 0. What is the greatest common divisor of f and d?
28
Let i(u) = -u + 1. Let l be i(1). Let v be (-1 + (2 - l))*4. Suppose 0 = 7*r - r - 72. Calculate the greatest common divisor of r and v.
4
Suppose -p = -5*p + 84. Let q = 39 - p. Let d = -10 + q. Calculate the greatest common divisor of 24 and d.
8
Suppose s - 531 = -520. Let d be 916/28 - 2/(-7). What is the greatest common divisor of d and s?
11
Let o be 74/(5/9*20/100). Calculate the greatest common factor of o and 18.
18
Let v be 46*((-3 - 2) + 3). Let y(r) = -45*r**3 + 2*r - 1. Let s be y(1). Let z = s - v. What is the highest common divisor of 72 and z?
24
Let v(j) = -j**3 - j**2 + 112. Suppose m + 6 = -0*s + 2*s, s - m - 2 = 0. Let z be 1/(-2) + s/8. Let g be v(z). What is the greatest common factor of g and 14?
14
Let a be (-8)/(-3)*276/16. Calculate the greatest common divisor of a and 46.
46
Suppose 0 = l + 5*i - 1081, 5275 = 5*l - 4*i + 3*i. Calculate the greatest common factor of l and 66.
66
Suppose -c - p + 0*p + 169 = 0, 4*p + 332 = 2*c. Suppose -y + 19 + 2 = 0. What is the greatest common divisor of c and y?
21
Let j = -37 + 47. Suppose 6*m - m - j = 0. What is the highest common divisor of m and 16?
2
Suppose -4*v + 2 = -6. Suppose -4*m = v*m - 12. Suppose 5*s = f + 29, m*f = -3*s - s + 12. Calculate the greatest common factor of 40 and s.
5
Suppose 5*y = 5*p + 110, -94 = -4*y + 4*p - 3*p. Calculate the highest common factor of 72 and y.
24
Suppose -3*c = -7*c + 4. Let b be (1 + c - -2) + -2. Suppose 0 = b*a + a - 18. What is the highest common divisor of a and 48?
6
Let b be ((-126)/12)/(4/(-8)). Calculate the greatest common factor of 84 and b.
21
Suppose -1187 + 403 = -8*f. What is the greatest common factor of 42 and f?
14
Suppose 3*y + 519 = -0*m + 4*m, -5*y + 479 = 4*m. What is the greatest common factor of 54 and m?
18
Let w(i) = i**2 - 7*i - 8. Let o be w(20). Calculate the highest common factor of o and 36.
36
Suppose 249*f + 43